{"id":221,"date":"2020-11-16T13:25:29","date_gmt":"2020-11-16T13:25:29","guid":{"rendered":"https:\/\/tropicalturismo.com.br\/tropical\/?page_id=221"},"modified":"2020-11-16T16:44:33","modified_gmt":"2020-11-16T16:44:33","slug":"corporativo","status":"publish","type":"page","link":"https:\/\/tropicalturismo.com.br\/tropical\/corporativo\/","title":{"rendered":"corporativo"},"content":{"rendered":"\t\t<div data-elementor-type=\"wp-page\" data-elementor-id=\"221\" class=\"elementor elementor-221\">\n\t\t\t\t\t\t<header class=\"elementor-section elementor-top-section elementor-element elementor-element-6e84f802 elementor-section-stretched elementor-section-height-min-height elementor-section-boxed elementor-section-height-default elementor-section-items-middle\" data-id=\"6e84f802\" data-element_type=\"section\" data-settings=\"{&quot;stretch_section&quot;:&quot;section-stretched&quot;,&quot;background_background&quot;:&quot;classic&quot;}\">\n\t\t\t\t\t\t\t<div class=\"elementor-background-overlay\"><\/div>\n\t\t\t\t\t\t\t<div class=\"elementor-container elementor-column-gap-default\">\n\t\t\t\t\t<div class=\"elementor-column elementor-col-100 elementor-top-column elementor-element elementor-element-2e3f65a3\" data-id=\"2e3f65a3\" data-element_type=\"column\">\n\t\t\t<div class=\"elementor-widget-wrap elementor-element-populated\">\n\t\t\t\t\t\t<div class=\"elementor-element elementor-element-16735609 elementor-widget elementor-widget-heading\" data-id=\"16735609\" data-element_type=\"widget\" data-widget_type=\"heading.default\">\n\t\t\t\t<div class=\"elementor-widget-container\">\n\t\t\t\t\t<h1 class=\"elementor-heading-title elementor-size-default\">Corporativo<\/h1>\t\t\t\t<\/div>\n\t\t\t\t<\/div>\n\t\t\t\t<div class=\"elementor-element elementor-element-5b77aaa2 elementor-widget-divider--separator-type-pattern elementor-widget-divider--view-line elementor-widget elementor-widget-divider\" data-id=\"5b77aaa2\" data-element_type=\"widget\" data-widget_type=\"divider.default\">\n\t\t\t\t<div class=\"elementor-widget-container\">\n\t\t\t\t\t\t\t<div class=\"elementor-divider\" style=\"--divider-pattern-url: url(&quot;data:image\/svg+xml,%3Csvg xmlns=&#039;http:\/\/www.w3.org\/2000\/svg&#039; preserveAspectRatio=&#039;none&#039; overflow=&#039;visible&#039; height=&#039;100%&#039; viewBox=&#039;0 0 20 16&#039; fill=&#039;none&#039; stroke=&#039;black&#039; stroke-width=&#039;3.3&#039; stroke-linecap=&#039;square&#039; stroke-miterlimit=&#039;10&#039;%3E%3Cg transform=&#039;translate(-12.000000, 0)&#039;%3E%3Cpath d=&#039;M28,0L10,18&#039;\/%3E%3Cpath d=&#039;M18,0L0,18&#039;\/%3E%3Cpath d=&#039;M48,0L30,18&#039;\/%3E%3Cpath d=&#039;M38,0L20,18&#039;\/%3E%3C\/g%3E%3C\/svg%3E&quot;);\">\n\t\t\t<span class=\"elementor-divider-separator\">\n\t\t\t\t\t\t<\/span>\n\t\t<\/div>\n\t\t\t\t\t\t<\/div>\n\t\t\t\t<\/div>\n\t\t\t\t<div class=\"elementor-element elementor-element-23a91c2b elementor-widget elementor-widget-text-editor\" data-id=\"23a91c2b\" data-element_type=\"widget\" data-widget_type=\"text-editor.default\">\n\t\t\t\t<div class=\"elementor-widget-container\">\n\t\t\t\t\t\t\t\t\t<p class=\"font_8\">Com mais de\u00a040 ANOS NO MERCADO\u00a0de viagens, a\u00a0TROPICAL TURISMO\u00a0vem se mostrando uma solu\u00e7\u00e3o eficiente e diferenciada em GEST\u00c3O DE VIAGENS CORPORATIVAS.\u00a0<\/p><p class=\"font_8\">Trabalhando com intelig\u00eancia na\u00a0REDU\u00c7\u00c3O DE CUSTOS\u00a0relativos \u00e0s viagens, entendemos que um servi\u00e7o de gest\u00e3o de turismo organizado \u00e9 fundamental para o maior aproveitamento de tempo, otimizando assim, todos os setores envolvidos nessa tarefa,\u00a0MAXIMIZANDO RESULTADOS\u00a0e desempenho de toda a equipe.<\/p><p class=\"font_8\">Com uma\u00a0EQUIPE ALTAMENTE QUALIFICADA, elaboramos e implantamos uma \u00a0politica de viagens (regras que ser\u00e3o aplicadas a cada funcion\u00e1rio no per\u00edodo da viagem) personalizada para as\u00a0necessidades de cada clientes, com sua implementa\u00e7\u00e3o, \u00a0a empresa pode alcan\u00e7ar uma\u00a0ECONOMIA DE AT\u00c9 18% (dezoito por cento) nos custos anuais com viagens corporativas.\u00a0<\/p>\t\t\t\t\t\t\t\t<\/div>\n\t\t\t\t<\/div>\n\t\t\t\t\t<\/div>\n\t\t<\/div>\n\t\t\t\t\t<\/div>\n\t\t<\/header>\n\t\t\t\t<section class=\"elementor-section elementor-top-section elementor-element elementor-element-56164c6f elementor-section-content-middle elementor-section-boxed elementor-section-height-default elementor-section-height-default\" data-id=\"56164c6f\" data-element_type=\"section\" data-settings=\"{&quot;background_background&quot;:&quot;classic&quot;}\">\n\t\t\t\t\t\t<div class=\"elementor-container elementor-column-gap-default\">\n\t\t\t\t\t<div class=\"elementor-column elementor-col-33 elementor-top-column elementor-element elementor-element-6ab62a27\" data-id=\"6ab62a27\" data-element_type=\"column\">\n\t\t\t<div class=\"elementor-widget-wrap elementor-element-populated\">\n\t\t\t\t\t\t<div class=\"elementor-element elementor-element-37837338 elementor-widget elementor-widget-heading\" data-id=\"37837338\" data-element_type=\"widget\" data-widget_type=\"heading.default\">\n\t\t\t\t<div class=\"elementor-widget-container\">\n\t\t\t\t\t<h2 class=\"elementor-heading-title elementor-size-default\">Principais Servi\u00e7os<\/h2>\t\t\t\t<\/div>\n\t\t\t\t<\/div>\n\t\t\t\t<div class=\"elementor-element elementor-element-28e6958e elementor-widget-divider--separator-type-pattern elementor-widget-divider--view-line elementor-widget elementor-widget-divider\" data-id=\"28e6958e\" data-element_type=\"widget\" data-widget_type=\"divider.default\">\n\t\t\t\t<div class=\"elementor-widget-container\">\n\t\t\t\t\t\t\t<div class=\"elementor-divider\" style=\"--divider-pattern-url: url(&quot;data:image\/svg+xml,%3Csvg xmlns=&#039;http:\/\/www.w3.org\/2000\/svg&#039; preserveAspectRatio=&#039;none&#039; overflow=&#039;visible&#039; height=&#039;100%&#039; viewBox=&#039;0 0 20 16&#039; fill=&#039;none&#039; stroke=&#039;black&#039; stroke-width=&#039;3.3&#039; stroke-linecap=&#039;square&#039; stroke-miterlimit=&#039;10&#039;%3E%3Cg transform=&#039;translate(-12.000000, 0)&#039;%3E%3Cpath d=&#039;M28,0L10,18&#039;\/%3E%3Cpath d=&#039;M18,0L0,18&#039;\/%3E%3Cpath d=&#039;M48,0L30,18&#039;\/%3E%3Cpath d=&#039;M38,0L20,18&#039;\/%3E%3C\/g%3E%3C\/svg%3E&quot;);\">\n\t\t\t<span class=\"elementor-divider-separator\">\n\t\t\t\t\t\t<\/span>\n\t\t<\/div>\n\t\t\t\t\t\t<\/div>\n\t\t\t\t<\/div>\n\t\t\t\t<div class=\"elementor-element elementor-element-7e9a7f81 elementor-widget elementor-widget-text-editor\" data-id=\"7e9a7f81\" data-element_type=\"widget\" data-widget_type=\"text-editor.default\">\n\t\t\t\t<div class=\"elementor-widget-container\">\n\t\t\t\t\t\t\t\t\t<p>+ Implanta\u00e7\u00e3o de pol\u00edtica de viagens de acordo com o perfil da sua empresa;\u00a0 \u00a0 \u00a0 \u00a0 +\u00a0 Itiner\u00e1rios com as melhores tarifas;<br \/>+ Tarifas \u2013 acordo em hot\u00e9is e locadoras;<br \/>+ Prazo de faturamento especial;<br \/>+ Atendimento personalizado com consultor dedicado;<br \/>+ Sala Vip e atendimento nos principais aeroportos;<br \/>+ Sistema ONLINE para emiss\u00e3o de passagens a\u00e9reas, loca\u00e7\u00e3o de ve\u00edculos e reservas de hot\u00e9is;<br \/>+ Relat\u00f3rio gerencial online personalizados atrav\u00e9s do TSB.<\/p>\t\t\t\t\t\t\t\t<\/div>\n\t\t\t\t<\/div>\n\t\t\t\t\t<\/div>\n\t\t<\/div>\n\t\t\t\t<div class=\"elementor-column elementor-col-33 elementor-top-column elementor-element elementor-element-7b1766af\" data-id=\"7b1766af\" data-element_type=\"column\" data-settings=\"{&quot;background_background&quot;:&quot;classic&quot;}\">\n\t\t\t<div class=\"elementor-widget-wrap elementor-element-populated\">\n\t\t\t\t\t\t<div class=\"elementor-element elementor-element-2953e1b0 elementor-widget elementor-widget-spacer\" data-id=\"2953e1b0\" data-element_type=\"widget\" data-widget_type=\"spacer.default\">\n\t\t\t\t<div class=\"elementor-widget-container\">\n\t\t\t\t\t\t\t<div class=\"elementor-spacer\">\n\t\t\t<div class=\"elementor-spacer-inner\"><\/div>\n\t\t<\/div>\n\t\t\t\t\t\t<\/div>\n\t\t\t\t<\/div>\n\t\t\t\t\t<\/div>\n\t\t<\/div>\n\t\t\t\t<div class=\"elementor-column elementor-col-33 elementor-top-column elementor-element elementor-element-e217527\" data-id=\"e217527\" data-element_type=\"column\">\n\t\t\t<div class=\"elementor-widget-wrap elementor-element-populated\">\n\t\t\t\t\t\t<div class=\"elementor-element elementor-element-7439d903 elementor-widget elementor-widget-heading\" data-id=\"7439d903\" data-element_type=\"widget\" data-widget_type=\"heading.default\">\n\t\t\t\t<div class=\"elementor-widget-container\">\n\t\t\t\t\t<h2 class=\"elementor-heading-title elementor-size-default\">Self Booking - TSB<\/h2>\t\t\t\t<\/div>\n\t\t\t\t<\/div>\n\t\t\t\t<div class=\"elementor-element elementor-element-632c781d elementor-widget-divider--separator-type-pattern elementor-widget-divider--view-line elementor-widget elementor-widget-divider\" data-id=\"632c781d\" data-element_type=\"widget\" data-widget_type=\"divider.default\">\n\t\t\t\t<div class=\"elementor-widget-container\">\n\t\t\t\t\t\t\t<div class=\"elementor-divider\" style=\"--divider-pattern-url: url(&quot;data:image\/svg+xml,%3Csvg xmlns=&#039;http:\/\/www.w3.org\/2000\/svg&#039; preserveAspectRatio=&#039;none&#039; overflow=&#039;visible&#039; height=&#039;100%&#039; viewBox=&#039;0 0 20 16&#039; fill=&#039;none&#039; stroke=&#039;black&#039; stroke-width=&#039;3.3&#039; stroke-linecap=&#039;square&#039; stroke-miterlimit=&#039;10&#039;%3E%3Cg transform=&#039;translate(-12.000000, 0)&#039;%3E%3Cpath d=&#039;M28,0L10,18&#039;\/%3E%3Cpath d=&#039;M18,0L0,18&#039;\/%3E%3Cpath d=&#039;M48,0L30,18&#039;\/%3E%3Cpath d=&#039;M38,0L20,18&#039;\/%3E%3C\/g%3E%3C\/svg%3E&quot;);\">\n\t\t\t<span class=\"elementor-divider-separator\">\n\t\t\t\t\t\t<\/span>\n\t\t<\/div>\n\t\t\t\t\t\t<\/div>\n\t\t\t\t<\/div>\n\t\t\t\t<div class=\"elementor-element elementor-element-1bfc7f45 elementor-widget elementor-widget-text-editor\" data-id=\"1bfc7f45\" data-element_type=\"widget\" data-widget_type=\"text-editor.default\">\n\t\t\t\t<div class=\"elementor-widget-container\">\n\t\t\t\t\t\t\t\t\t<p>\u00c9 um sistema de\u00a0gest\u00e3o de viagens\u00a0que permite aos usu\u00e1rios criarem suas pr\u00f3prias reservas a\u00e9reas, de hot\u00e9is, solicita\u00e7\u00f5es de seguro de viagem, de atendimento em aeroporto, loca\u00e7\u00f5es de ve\u00edculos e translados.<br \/>+ Emiss\u00f5es<br \/>+ Quem est\u00e1 aonde \u2013 Geogr\u00e1fico<br \/>+ Anal\u00edtico de destinos<br \/>+ Construtor de relat\u00f3rios +\u00a0 Agilidade na reserva sem interfer\u00eancia de terceiros;<br \/>+\u00a0 Auxiliar o processo de gest\u00e3o de viagens;<br \/>+ Valida\u00e7\u00e3o das pol\u00edticas de viagens.<\/p>\t\t\t\t\t\t\t\t<\/div>\n\t\t\t\t<\/div>\n\t\t\t\t\t<\/div>\n\t\t<\/div>\n\t\t\t\t\t<\/div>\n\t\t<\/section>\n\t\t\t\t<section class=\"elementor-section elementor-top-section elementor-element elementor-element-63ae9832 elementor-section-stretched elementor-section-boxed elementor-section-height-default elementor-section-height-default\" data-id=\"63ae9832\" data-element_type=\"section\" data-settings=\"{&quot;background_background&quot;:&quot;classic&quot;,&quot;stretch_section&quot;:&quot;section-stretched&quot;}\">\n\t\t\t\t\t\t\t<div class=\"elementor-background-overlay\"><\/div>\n\t\t\t\t\t\t\t<div class=\"elementor-container elementor-column-gap-default\">\n\t\t\t\t\t<div class=\"elementor-column elementor-col-50 elementor-top-column elementor-element elementor-element-214effb5\" data-id=\"214effb5\" data-element_type=\"column\">\n\t\t\t<div class=\"elementor-widget-wrap elementor-element-populated\">\n\t\t\t\t\t\t<div class=\"elementor-element elementor-element-5e3d0e1a elementor-widget elementor-widget-heading\" data-id=\"5e3d0e1a\" data-element_type=\"widget\" data-widget_type=\"heading.default\">\n\t\t\t\t<div class=\"elementor-widget-container\">\n\t\t\t\t\t<h2 class=\"elementor-heading-title elementor-size-default\">Acesso ao sistema<\/h2>\t\t\t\t<\/div>\n\t\t\t\t<\/div>\n\t\t\t\t<div class=\"elementor-element elementor-element-29158715 elementor-widget elementor-widget-text-editor\" data-id=\"29158715\" data-element_type=\"widget\" data-widget_type=\"text-editor.default\">\n\t\t\t\t<div class=\"elementor-widget-container\">\n\t\t\t\t\t\t\t\t\t<p>\u00c9 um sistema de\u00a0gest\u00e3o de viagens\u00a0\u00e1gil e seguro, que permite aos nossos clientes\u00a0criarem reservas a\u00e9reas e reserva de hospedagem\u00a0de maneira r\u00e1pida e simples, garantindo condi\u00e7\u00f5es de pre\u00e7o especiais e consider\u00e1vel\u00a0ganho de tempo.\u00a0<\/p>\t\t\t\t\t\t\t\t<\/div>\n\t\t\t\t<\/div>\n\t\t\t\t\t<\/div>\n\t\t<\/div>\n\t\t\t\t<div class=\"elementor-column elementor-col-50 elementor-top-column elementor-element elementor-element-6995cb01 elementor-invisible\" data-id=\"6995cb01\" data-element_type=\"column\" data-settings=\"{&quot;background_background&quot;:&quot;classic&quot;,&quot;animation&quot;:&quot;fadeInUp&quot;}\">\n\t\t\t<div class=\"elementor-widget-wrap elementor-element-populated\">\n\t\t\t\t\t\t<div class=\"elementor-element elementor-element-9c14984 elementor-widget elementor-widget-shortcode\" data-id=\"9c14984\" data-element_type=\"widget\" data-widget_type=\"shortcode.default\">\n\t\t\t\t<div class=\"elementor-widget-container\">\n\t\t\t\t\t\t\t<div class=\"elementor-shortcode\"><center>\n\n<style type=\"text\/css\">\n\t#reserve-login { width:280px; height:300px; background-color:#fafafa; position: relative; font-family: Arial, Helvetica, sans-serif }\n\t.reserve-logo { width: 100%; text-align:center; padding:20px 0 20px 0;}\n\t.reserve-esqueci {\n\t\tposition: absolute; \n\t\tbottom:0px ; \n\t\tfont-size: 12px; \n\t\tpadding: 13px 0 13px 0; \n\t\twidth:100%; \n\t\tbackground-color:#e9e9e9; \n\t\ttext-align: center;\n\t\t}\n\t.reserve-esqueci a { color: #6a6a6a;  text-decoration: none}\n\t.reserve-esqueci a:hover { color: #000;  text-decoration: none; transition: 0.5s;}\n\t.reserve-loginesenha { width:100%; text-align:center; padding:15px 0 0 0}\n\t.reserve-loginesenha input { \n\t\tmargin:7px 0; \n\t\theight:25px; \n\t\tborder-radius:20px; \n\t\twidth:80%;\n\t\tbackground-image: linear-gradient(to right, #e0eee6 , #cae0d3);\n\t\tborder:0px;\n\t\tcolor:#0c5427;\n\t\tpadding:15px 20px 15px 20px;\n\t\tfont-size: 11px;\n\t\ttext-align:center;\n\t\t}\n\t.reserve-entrar { width:100%; text-align:center; padding-top:15px}\n\t.reserve-entrar input { \n\t\twidth:80%; \n\t\tbackground-image: linear-gradient(to right, #189647 , #156734);\n\t\tborder: none; \n\t\tborder-radius:20px; \n\t\tcolor:#fff; \n\t\ttext-align: center; \n\t\tpadding: 9px 0;\n\t\ttext-transform: uppercase;\n\t\tfont-weight: bold;\n\t\tfont-size: 11px;\n\t\tbox-shadow: 0px 5px 10px #d5d5d5;\n\t\ttransition: all 0.5s;\n\t\toutline: none;\n\t\t}\n\t\tinput[type=text]:focus, input[type=password]:focus {outline: none;box-shadow: 0px 0px 10px #e6e6e6;\t}\n\n\t\t.hvr-shrink {\n\t\tdisplay: inline-block;\n\t\tvertical-align: middle;\n\t\t-webkit-transform: perspective(1px) translateZ(0);\n\t\ttransform: perspective(1px) translateZ(0);\n\t\tbox-shadow: 0 0 1px rgba(0, 0, 0, 0);\n\t\t-webkit-transition-duration: 0.3s;\n\t\ttransition-duration: 0.3s;\n\t\t-webkit-transition-property: transform;\n\t\ttransition-property: transform;\n\t\t}\n\t\t.hvr-shrink:hover, .hvr-shrink:focus, .hvr-shrink:active { -webkit-transform: scale(0.9); transform: scale(0.9);}\n\n<\/style>\n\n<script type=\"text\/javascript\">\n\tfunction RedirecionarRecuperarSenha() {\n\t\twindow.open(\"http:\/\/www.reserve.com.br\/v3\/Geral\/RecuperarSenha.aspx?IDLicenciado=2269\", \"\", \"height=370,width=550\", \"\");\n\t}\n<\/script>\n\n<form name=\"form1\" method=\"post\" action=\"http:\/\/www.reserve.com.br\/v3\/Logon.aspx\">\n<input name=\"company\" type=\"hidden\" value=\"Tropical\" \/>\n\t<div id=\"reserve-login\">\n\t\t<div class=\"reserve-logo\">\n\t\t\t<img decoding=\"async\" src=\"https:\/\/reserve.com.br\/images\/reserve_logo.png\">\n\t\t<\/div>\n\t\t<div class=\"reserve-loginesenha\">\n\t\t\t<input id=\"inputLogin\" name=\"userLogin\" type=\"text\" value=\"Seu Login\" class=\"text\" tabindex=\"1\" onClick=\"this.value = '';\" \/>\n\t\t\t<input id=\"inputSenha\" name=\"userPwd\" type=\"password\" value=\"Sua Senha\" class=\"text\" tabindex=\"2\" onClick=\"this.value = '';\" \/>\n\t\t<\/div>\n\t\t<div class=\"reserve-entrar\">\n\t\t\t<input id=\"btnEntrar\" class=\"hvr-shrink\" name=\"btnEntrar\" value=\"Entrar\" type=\"submit\" \/>\n\t\t<\/div>\n\t\t<div class=\"reserve-esqueci\">\n\t\t\t<a href=\"javascript:void(0);\" onclick=\"RedirecionarRecuperarSenha()\">Esqueci a senha<\/a>\n\t\t<\/div>\n\t<\/div>\n<\/form><\/div>\n\t\t\t\t\t\t<\/div>\n\t\t\t\t<\/div>\n\t\t\t\t\t<\/div>\n\t\t<\/div>\n\t\t\t\t\t<\/div>\n\t\t<\/section>\n\t\t\t\t<section class=\"elementor-section elementor-top-section elementor-element elementor-element-634dc22 envato-kit-141-top-0 elementor-reverse-mobile elementor-section-stretched elementor-section-boxed elementor-section-height-default elementor-section-height-default\" data-id=\"634dc22\" data-element_type=\"section\" data-settings=\"{&quot;background_background&quot;:&quot;classic&quot;,&quot;stretch_section&quot;:&quot;section-stretched&quot;}\">\n\t\t\t\t\t\t\t<div class=\"elementor-background-overlay\"><\/div>\n\t\t\t\t\t\t\t<div class=\"elementor-container elementor-column-gap-wider\">\n\t\t\t\t\t<div class=\"elementor-column elementor-col-50 elementor-top-column elementor-element elementor-element-0e946d3 elementor-invisible\" data-id=\"0e946d3\" data-element_type=\"column\" data-settings=\"{&quot;animation&quot;:&quot;fadeIn&quot;,&quot;animation_delay&quot;:100}\">\n\t\t\t<div class=\"elementor-widget-wrap elementor-element-populated\">\n\t\t\t\t\t\t<div class=\"elementor-element elementor-element-3140acb elementor-widget elementor-widget-heading\" data-id=\"3140acb\" data-element_type=\"widget\" data-widget_type=\"heading.default\">\n\t\t\t\t<div class=\"elementor-widget-container\">\n\t\t\t\t\t<h2 class=\"elementor-heading-title elementor-size-default\">Fale conosco<\/h2>\t\t\t\t<\/div>\n\t\t\t\t<\/div>\n\t\t\t\t<div class=\"elementor-element elementor-element-e8c643a elementor-icon-list--layout-traditional elementor-list-item-link-full_width elementor-widget elementor-widget-icon-list\" data-id=\"e8c643a\" data-element_type=\"widget\" data-widget_type=\"icon-list.default\">\n\t\t\t\t<div class=\"elementor-widget-container\">\n\t\t\t\t\t\t\t<ul class=\"elementor-icon-list-items\">\n\t\t\t\t\t\t\t<li class=\"elementor-icon-list-item\">\n\t\t\t\t\t\t\t\t\t\t\t<span class=\"elementor-icon-list-icon\">\n\t\t\t\t\t\t\t<i aria-hidden=\"true\" class=\"fas fa-phone\"><\/i>\t\t\t\t\t\t<\/span>\n\t\t\t\t\t\t\t\t\t\t<span class=\"elementor-icon-list-text\">(21) 2176-1234<\/span>\n\t\t\t\t\t\t\t\t\t<\/li>\n\t\t\t\t\t\t\t\t<li class=\"elementor-icon-list-item\">\n\t\t\t\t\t\t\t\t\t\t\t<span class=\"elementor-icon-list-icon\">\n\t\t\t\t\t\t\t<i aria-hidden=\"true\" class=\"far fa-envelope-open\"><\/i>\t\t\t\t\t\t<\/span>\n\t\t\t\t\t\t\t\t\t\t<span class=\"elementor-icon-list-text\">tropical@tropicalturismo.com.br<\/span>\n\t\t\t\t\t\t\t\t\t<\/li>\n\t\t\t\t\t\t<\/ul>\n\t\t\t\t\t\t<\/div>\n\t\t\t\t<\/div>\n\t\t\t\t<div class=\"elementor-element elementor-element-9cefd88 e-grid-align-left elementor-shape-rounded elementor-grid-0 elementor-widget elementor-widget-social-icons\" data-id=\"9cefd88\" data-element_type=\"widget\" data-widget_type=\"social-icons.default\">\n\t\t\t\t<div class=\"elementor-widget-container\">\n\t\t\t\t\t\t\t<div class=\"elementor-social-icons-wrapper elementor-grid\">\n\t\t\t\t\t\t\t<span class=\"elementor-grid-item\">\n\t\t\t\t\t<a class=\"elementor-icon elementor-social-icon elementor-social-icon-facebook elementor-repeater-item-b13ade8\" target=\"_blank\">\n\t\t\t\t\t\t<span class=\"elementor-screen-only\">Facebook<\/span>\n\t\t\t\t\t\t<i class=\"fab fa-facebook\"><\/i>\t\t\t\t\t<\/a>\n\t\t\t\t<\/span>\n\t\t\t\t\t\t\t<span class=\"elementor-grid-item\">\n\t\t\t\t\t<a class=\"elementor-icon elementor-social-icon elementor-social-icon-twitter elementor-repeater-item-7864cbe\" target=\"_blank\">\n\t\t\t\t\t\t<span class=\"elementor-screen-only\">Twitter<\/span>\n\t\t\t\t\t\t<i class=\"fab fa-twitter\"><\/i>\t\t\t\t\t<\/a>\n\t\t\t\t<\/span>\n\t\t\t\t\t\t\t<span class=\"elementor-grid-item\">\n\t\t\t\t\t<a class=\"elementor-icon elementor-social-icon elementor-social-icon-youtube elementor-repeater-item-8449fa9\" target=\"_blank\">\n\t\t\t\t\t\t<span class=\"elementor-screen-only\">Youtube<\/span>\n\t\t\t\t\t\t<i class=\"fab fa-youtube\"><\/i>\t\t\t\t\t<\/a>\n\t\t\t\t<\/span>\n\t\t\t\t\t<\/div>\n\t\t\t\t\t\t<\/div>\n\t\t\t\t<\/div>\n\t\t\t\t\t<\/div>\n\t\t<\/div>\n\t\t\t\t<div class=\"elementor-column elementor-col-50 elementor-top-column elementor-element elementor-element-c462d96 elementor-invisible\" data-id=\"c462d96\" data-element_type=\"column\" data-settings=\"{&quot;background_background&quot;:&quot;classic&quot;,&quot;animation&quot;:&quot;pulse&quot;,&quot;animation_delay&quot;:400}\">\n\t\t\t<div class=\"elementor-widget-wrap elementor-element-populated\">\n\t\t\t\t\t\t<div class=\"elementor-element elementor-element-30b972d elementor-widget elementor-widget-image\" data-id=\"30b972d\" data-element_type=\"widget\" data-widget_type=\"image.default\">\n\t\t\t\t<div class=\"elementor-widget-container\">\n\t\t\t\t\t\t\t\t\t\t\t\t\t\t\t<img decoding=\"async\" width=\"119\" height=\"80\" src=\"https:\/\/tropicalturismo.com.br\/tropical\/wp-content\/uploads\/2020\/11\/logo-tropical.png\" class=\"attachment-large size-large wp-image-7\" alt=\"\" \/>\t\t\t\t\t\t\t\t\t\t\t\t\t\t\t<\/div>\n\t\t\t\t<\/div>\n\t\t\t\t<div class=\"elementor-element elementor-element-8b4a2cf elementor-invisible elementor-widget elementor-widget-text-editor\" data-id=\"8b4a2cf\" data-element_type=\"widget\" data-settings=\"{&quot;_animation&quot;:&quot;fadeIn&quot;,&quot;_animation_delay&quot;:250}\" data-widget_type=\"text-editor.default\">\n\t\t\t\t<div class=\"elementor-widget-container\">\n\t\t\t\t\t\t\t\t\t<p>A Tropical Turismo \u00e9 especializada em viagem, seja a lazer ou neg\u00f3cios oferecemos o que h\u00e1 de melhor no mercado.<\/p>\t\t\t\t\t\t\t\t<\/div>\n\t\t\t\t<\/div>\n\t\t\t\t\t<\/div>\n\t\t<\/div>\n\t\t\t\t\t<\/div>\n\t\t<\/section>\n\t\t\t\t<\/div>\n\t\t","protected":false},"excerpt":{"rendered":"<p>Corporativo Com mais de\u00a040 ANOS NO MERCADO\u00a0de viagens, a\u00a0TROPICAL TURISMO\u00a0vem se mostrando uma solu\u00e7\u00e3o eficiente e diferenciada em GEST\u00c3O DE VIAGENS CORPORATIVAS.\u00a0 Trabalhando com intelig\u00eancia na\u00a0REDU\u00c7\u00c3O DE CUSTOS\u00a0relativos \u00e0s viagens, entendemos que um servi\u00e7o de gest\u00e3o de turismo organizado \u00e9 fundamental para o maior aproveitamento de tempo, otimizando assim, todos os setores envolvidos nessa tarefa,\u00a0MAXIMIZANDO [&hellip;]<\/p>\n","protected":false},"author":1,"featured_media":0,"parent":0,"menu_order":0,"comment_status":"closed","ping_status":"closed","template":"","meta":{"footnotes":""},"class_list":["post-221","page","type-page","status-publish","hentry","entry"],"_links":{"self":[{"href":"https:\/\/tropicalturismo.com.br\/tropical\/wp-json\/wp\/v2\/pages\/221","targetHints":{"allow":["GET"]}}],"collection":[{"href":"https:\/\/tropicalturismo.com.br\/tropical\/wp-json\/wp\/v2\/pages"}],"about":[{"href":"https:\/\/tropicalturismo.com.br\/tropical\/wp-json\/wp\/v2\/types\/page"}],"author":[{"embeddable":true,"href":"https:\/\/tropicalturismo.com.br\/tropical\/wp-json\/wp\/v2\/users\/1"}],"replies":[{"embeddable":true,"href":"https:\/\/tropicalturismo.com.br\/tropical\/wp-json\/wp\/v2\/comments?post=221"}],"version-history":[{"count":7,"href":"https:\/\/tropicalturismo.com.br\/tropical\/wp-json\/wp\/v2\/pages\/221\/revisions"}],"predecessor-version":[{"id":233,"href":"https:\/\/tropicalturismo.com.br\/tropical\/wp-json\/wp\/v2\/pages\/221\/revisions\/233"}],"wp:attachment":[{"href":"https:\/\/tropicalturismo.com.br\/tropical\/wp-json\/wp\/v2\/media?parent=221"}],"curies":[{"name":"wp","href":"https:\/\/api.w.org\/{rel}","templated":true}]}}